Let n = t - 25. What is the tens digit of n?
3
Suppose 0 = 3*n - 4*v + 52, 4*n - 1 + 61 = 3*v. Let g = 36 + n. What is the units digit of g?
4
Let w be ((-100)/(-8))/(1/(-4)). Suppose 0 = -2*k + 2*r + 36, -6*r + 11*r + 45 = 2*k. What is the units digit of w/k*(-3)/2?
5
Let r(m) = -20. Let l(h) = -h - 1. Let c(o) = -6*l(o) + r(o). Let q be (1/(-5))/((-3)/(-5))*-36. What is the units digit of c(q)?
8
Suppose -2*a - 1228 = -2*f, -2*a + 602 = 4*f - 3*f. What is the hundreds digit of f?
6
Let w be (-1)/1*3 - 9. Let i = w - -14. Suppose 0 = i*g - 3 - 1. What is the units digit of g?
2
Let j = 17 - 702. Let s = -402 - j. What is the units digit of s?
3
Let m(z) = -z**2 + 5*z - 4. Let l be m(3). Suppose -7 = 7*x - l*x - 2*o, 5*x + 3 = 3*o. What is the tens digit of (8/x)/((-6)/27)?
1
Let i = -129 - -71. Let p = -15 - i. Let u = p + -19. What is the tens digit of u?
2
Let b(i) = -20*i**3 + 13 + 4*i**2 - 14 - 2*i**2. Let c be ((-2)/4)/((-1)/(-2)). What is the units digit of b(c)?
1
Let t be (3/(-4))/(2/16). Let o(d) = -11*d**3 - 2*d**2 + d + 1. Let n be o(-1). Let s = n - t. What is the tens digit of s?
1
Suppose -u + 10 = -m - 11, 27 = 2*u + m. Suppose 3*j + u = 2*q - j, -2*j + 34 = 2*q. What is the units digit of q/63 + (-896)/(-18)?
0
Suppose -a = -p - 0*a + 910, 0 = -5*a + 5. What is the hundreds digit of p?
9
Suppose 0 = -2*n + 3*n - 9. Suppose n = 8*f - 5*f. Suppose -10 = -f*h + h. What is the units digit of h?
5
What is the hundreds digit of (2/8*2)/(46/22724)?
2
Suppose 20*m + 56 = 12*m. Let s(g) = -3 - 3*g + 1 + 4. What is the units digit of s(m)?
3
Suppose -l + 1 - 5 = 0. Let z(w) = -3*w**2 - 2*w + 2. Let x be z(l). Let m = 62 + x. What is the units digit of m?
4
Suppose -17*y + 18*y = -21. What is the units digit of 2348/14 + -1*6/y?
8
Let o be 6/9 - 60/9. What is the units digit of (1 + -7)*44/o?
4
Let v(d) = d**2 - 6. Let h be v(-3). Suppose -c - 5*o + 262 = 0, -3*o + o - 735 = -h*c. What is the tens digit of c?
4
Let a be (-9)/12 + (-91)/(-4). Let v be (-10)/55 - (-4)/a. Suppose v = 8*u - 10*u + 2. What is the units digit of u?
1
Suppose -x + 2398 = 3*w, 2*x + 3*w - 5204 = -402. What is the units digit of x?
4
Let t = 28 + -23. Suppose t*b = 161 + 254. What is the tens digit of b?
8
Suppose -3*c = 12*c + 75. What is the hundreds digit of (-8 - c)/9*-354?
1
Let m = -15 + 95. What is the tens digit of m?
8
What is the units digit of 6 - 2 - (-8 + 6 + -851)?
7
Let y = -1 - 1. What is the units digit of 736/8 - (0 - y)?
0
Let r(i) = 16*i**2 - 2*i - 1. Suppose 5*o - 2*x = -40, 3*o + 22 = 4*x - 16. Let k(u) = u**2 + 6*u - 1. Let p be k(o). What is the units digit of r(p)?
7
Suppose -4*u + g = -7724 - 1940, 4*g = u - 2416. What is the tens digit of u?
1
Let y(f) = 13*f**2 - 11*f + 151. What is the thousands digit of y(12)?
1
What is the units digit of 4 + -3 + -12 + 1509?
8
Suppose 62 + 12 = u. Suppose 2*d - 35 = 3*k + u, -3*d + k = -167. What is the tens digit of d?
5
Suppose -11*o + 7*o = 84. Let v = o - -73. What is the tens digit of v?
5
Suppose 2*l + 3*h = h + 4, -4*h - 16 = -4*l. Suppose 0 = -3*t - y + 108, -l*t - 2*y + 146 = t. Suppose -22*n + t = -21*n. What is the tens digit of n?
3
Let g(k) = -k - 5 + 3*k + 1. Let c be g(3). What is the units digit of c + -1 + (4 - -1)?
6
Suppose -2*g + 32 = 24. Suppose g*l - i - 53 = 0, 0*i = 4*i + 4. What is the tens digit of l?
1
Let v(o) = -5*o**2 + 35*o - 39. Let b(h) = 2*h**2 - 17*h + 19. Let y(t) = -7*b(t) - 3*v(t). What is the hundreds digit of y(6)?
1
Let d = -8 + 8. Suppose -t - f - 6 = -0*f, f + 4 = d. What is the units digit of (t/3)/((-2)/42)?
4
What is the units digit of 39228/210*(16 - 1)?
2
Let x(z) be the second derivative of -7*z**3/6 - 2*z**2 - z. Let t be x(-8). Suppose v + 3*v - t = 0. What is the units digit of v?
3
Let d be 2*3/(-9 - -3). Let z be (2 - 7)/(0 + d). Suppose 0 = -z*h - 13 + 103. What is the units digit of h?
8
Let c = 795 - -1541. What is the hundreds digit of c?
3
Let v = 452 + -161. What is the tens digit of v?
9
Let h(r) = -163*r - 10. Let i(f) = -82*f - 5. Let s(v) = -2*h(v) + 5*i(v). What is the hundreds digit of s(-3)?
2
Suppose -3 = 2*u + 3. What is the units digit of (2/4)/(u/(-66))?
1
Let d(m) = 12*m**2 + m - 7. Let o = 32 - 35. What is the tens digit of d(o)?
9
Suppose 0 = 3*d - 2*z - 1381, -5*z + 1682 = 4*d - 167. What is the hundreds digit of d?
4
Let x(g) = -2*g**3 - 2*g**2 - 10*g - 56. What is the tens digit of x(-4)?
8
Suppose 0 = y - 2 + 1. Let r = -9 + y. What is the units digit of 51/7 + r/28?
7
Let z(g) = g**2 - 17*g + 71. What is the hundreds digit of z(-30)?
4
Suppose 264 = 11*c + 1892. Let o = c - -303. What is the units digit of o?
5
Let d(i) be the third derivative of -25/24*i**4 + 0*i + 0 - 2/3*i**3 - 3*i**2. What is the units digit of d(-3)?
1
Suppose i = -q + 2959, -9*q - 8881 = -3*i - 13*q. What is the thousands digit of i?
2
What is the units digit of (-22)/(-55) - (-2)/10*11053?
1
Suppose 41514 = -52*x + 180562. What is the thousands digit of x?
2
Let o = -106 + 122. Let k = 254 - o. What is the hundreds digit of k?
2
Let m(l) = -37*l - 80. Let s be (-6 - -8)/(1/(-3)). What is the hundreds digit of m(s)?
1
Suppose -12*p + 11*p = 4, 0 = 2*t - p - 7182. What is the tens digit of t?
8
What is the tens digit of (3 + (-48)/18)*(954 + -3)?
1
Let z = 9 + -6. Suppose -2*b = -6*b + z*l - 7, -5*l + 1 = 4*b. What is the units digit of -2 + 1 + (b - -3)?
1
What is the units digit of 12/(-18) + 1690/15?
2
Let f(m) = 16*m**2 + 20*m - 98. What is the hundreds digit of f(7)?
8
Let d be 2920/15*(1 - 1/(-2)). Suppose 0*s = -y - s + 152, 2*y + 5*s - d = 0. What is the tens digit of y?
5
Suppose -3*c = -4*c + 4. Suppose 2*g = c*g - 8. Suppose -57 + 201 = g*i. What is the tens digit of i?
3
Let g be 2*3/(-6)*1 + 13. Suppose -g*i - 672 = -2040. What is the tens digit of i?
1
Suppose 0 = -4*i + 14 + 14. Suppose 4*u + 4*z = 0, 0 = -4*u + 3*z + i + 7. Suppose -u*g - 24 = -2*x, -4*g - 18 = -2*x - 0*g. What is the units digit of x?
5
Let i = -65 + 67. Suppose -5*h - 111 = -v, -v - i*h - 3*h = -141. What is the units digit of v?
6
Let h(r) = 18*r**2 - 3*r + 1. What is the hundreds digit of h(-8)?
1
Let o(i) = -3*i**3 + 6*i**2 - 25*i + 29. Let d(k) = -2*k**3 + 3*k**2 - 13*k + 15. Let w(c) = -5*d(c) + 3*o(c). What is the hundreds digit of w(5)?
1
Let u(l) = -11*l + 4. Let f be u(-4). Suppose f + 66 = 3*w. What is the tens digit of w?
3
Let h(z) = 3*z**3 - 14*z**2 - 20*z + 1. Let w(g) = -5*g**3 + 21*g**2 + 30*g - 1. Let q(j) = 8*h(j) + 5*w(j). What is the units digit of q(-7)?
3
Let n = 203 - -102. What is the units digit of n?
5
Suppose -s = -48 - 9. Suppose -x + 145 = 5*j - 6*x, 3*x = -3*j + s. Suppose -4*o + j = 2*v, -v - 33 = -3*v - o. What is the units digit of v?
8
Let k(x) = -x**2 - 14*x - 8. Let i be k(-13). Let w(y) = 4*y**2 + 12 - i + 0*y**2 - y**2. What is the units digit of w(5)?
2
Suppose i = -3*o + 4566, -153*o + 151*o + 4*i + 3058 = 0. What is the tens digit of o?
2
Let n(c) = -212*c + 124. What is the hundreds digit of n(-2)?
5
Suppose p + 85 = -2*w - 334, w = 2*p - 197. What is the tens digit of 20*(0 - w/12)?
4
Let u = -31 + 220. Let l = u + -126. What is the units digit of l?
3
Let u = -30 + 971. What is the units digit of u?
1
Let j be -79 + (-2 - -6 - 3). What is the units digit of (-4)/26 + (-6096)/j + 9?
7
Suppose 5*f - 1472 = 3*g, 2*g - 23 + 21 = 0. What is the hundreds digit of f?
2
Let p = 97 + -87. Suppose 0 = 3*g - 292 + p. What is the units digit of g?
4
Suppose -5*f - 6194 = -4*p, -4*p + 3*f = -p - 4647. What is the thousands digit of p?
1
Suppose -22090 = -12*o + 4202. What is the hundreds digit of o?
1
Suppose m = -2*m + 21. Suppose 0 = -4*k + m + 5. What is the units digit of k?
3
Let s be (-240)/50 + (-2)/10. What is the units digit of (6/s)/(3/(-55))?
2
Let m = -1 + -13. Let o = 26 + m. Suppose 3*w + 9 = o. What is the units digit of w?
1
Suppose 0 = -x - 5*k + 13, 17 = 3*x + 8*k - 4*k. Suppose 13*t - 6 = 10*t. Suppose -x*s = t*s + 4*f - 30, f = 0. What is the units digit of s?
6
Let p(o) = -o**3 + 8*o**2 + 4*o - 11. Let q be p(6). Let m = q + -59. What is the units digit of m?
6
Let t be -1 - (-11 + (-2)/(-1)). Suppose 2*w = -t, 5*k - 5*w - 24 = 4*k. Suppose -3*q + 55 = k. What is the units digit of q?
7
Let t = -4 - -6. Let f(